7748)/(-18) - p/90?
False
Let f(r) = 2*r**2 + 47*r - 5. Let v be f(-24). Suppose -v*w = -w - 17550. Is 24 a factor of w?
False
Let s = 66 + -50. Let n(b) = b**2 - 14*b - 30. Let u be n(s). Does 3 divide (u/3)/(-1*8/(-396))?
True
Let l = 41497 + -37313. Does 8 divide l?
True
Suppose 2*a - 100 = 2*f + 5*a, 0 = -f - a - 48. Let n = f - -120. Let j = 211 - n. Does 15 divide j?
True
Is (-164445)/(-6) + (-370)/148 a multiple of 47?
False
Let q be (4/2)/((-12)/(-24)). Suppose -2*k + 78 = 4*v, 3*k + 0*k = q*v - 93. Suppose 3 + v = 2*s. Is 4 a factor of s?
True
Does 19 divide ((-978922)/56)/(-7)*3*16/6?
False
Let q(f) be the second derivative of f**5/10 - f**4/2 - 5*f**3/2 + 3*f**2/2 - 9*f. Let a be q(6). Let i = 51 + a. Does 45 divide i?
True
Suppose 0 = 18*u + 24*u - 35364. Is u a multiple of 2?
True
Suppose -3*g - 3*f = -1578, 621*g = 624*g - 2*f - 1543. Is g a multiple of 4?
False
Let m(c) be the first derivative of -27*c**2 - 4*c + 12. Does 17 divide m(-3)?
False
Let z = -6820 - -7204. Is z a multiple of 3?
True
Let k = -418 + 422. Suppose 2*t = 3*a + 6*t - 2205, -735 = -a + k*t. Is a a multiple of 105?
True
Suppose 12*x - 19*x - 28 = 0. Is -3 - (x - 296 - 7) a multiple of 35?
False
Suppose -4*z + z - 97016 = -4*g, 0 = -5*z + 20. Is g a multiple of 191?
True
Suppose -9*p + 14*p = -2*c + 69, -5*c + 2*p + 158 = 0. Suppose -10*b + c*b = 2640. Does 8 divide b?
True
Let c(x) = 3*x**3 + 2*x + 1. Let n be c(-5). Let y = 642 + n. Does 41 divide y?
False
Let u(m) be the first derivative of -3*m**4/2 - m**3/3 - 2*m**2 - 21*m + 227. Does 18 divide u(-3)?
True
Suppose 0 = -157*g + 263*g - 13568. Is g even?
True
Suppose 0 = -2*r - 2*d + 38136, -4*d = -2*r + 49595 - 11435. Is r a multiple of 32?
True
Let r be (-17)/(102/(-132))*22/(-1). Let x = r + 726. Suppose -238 = -6*y + x. Is y a multiple of 21?
False
Let g = 12533 + -10993. Does 10 divide g?
True
Let g(c) = 237*c - 71. Let r be g(-3). Let b = 137 - r. Is 23 a factor of b?
False
Suppose -19*x + 23*x - 20 = 0. Suppose -5*o + 280 = -x*k - 700, -2*o + 392 = 3*k. Suppose 3*m + m - 508 = -5*q, -2*q + o = -2*m. Is q a multiple of 5?
True
Let x(p) = 483*p**2 - p + 1. Let m be x(1). Suppose 71*g = 68*g + m. Is g a multiple of 13?
False
Suppose 3*n = 4*v + 76528, -n - 11*v = -10119 - 15304. Is 75 a factor of n?
True
Let s(l) = -l**2 + 12*l - 15. Suppose 5*n + 108 = 8*n. Suppose n*g = 38*g - 14. Does 20 divide s(g)?
True
Suppose 23 = s - 5*g, 4*s - 26 = 2*s + 5*g. Let i(u) = 7 + 3 - s - 2 + 35*u. Does 10 divide i(1)?
True
Does 11 divide (-87016)/(-12) - (4 - (-11)/(-3))?
False
Suppose 0 = -16*j - 5*j - 42. Is 34 a factor of 9360/55 + (-2)/(-22)*j?
True
Let r(x) be the first derivative of 3*x**2 + 3*x - 8 - 2/3*x**3 - 1/4*x**4. Is r(-5) a multiple of 24?
True
Let n = 1307 - -15728. Is n a multiple of 43?
False
Suppose -12*z - 1106 = -9722. Let y = 1082 - z. Does 26 divide y?
True
Suppose 3*c + 6*l = 8*l + 93210, -4*c - 2*l + 124280 = 0. Is 10 a factor of c?
True
Let q = -770 - -1575. Let i = -570 + q. Does 16 divide i?
False
Suppose 10431 = 24*g - 5*g. Suppose 81*x = 84*x - g. Is x a multiple of 18?
False
Let s(w) = 2*w**3 + 4*w**2 + 2*w + 4. Let b be s(-2). Suppose 4*a - 5*v - 178 - 365 = b, -3*v + 387 = 3*a. Is a a multiple of 22?
True
Suppose 24*m + 1723 - 6883 = 0. Is m a multiple of 18?
False
Suppose -49604 - 58108 = -51*q. Does 16 divide q?
True
Let c = 2537 + -1965. Does 26 divide c?
True
Suppose -5*w + 10536 + 1472 = 3*j, -2*j + 2*w = -7984. Is j a multiple of 9?
True
Let o = 10 + 3. Suppose 2*q + o = 5*j - 2, -4*j = 4. Let b(g) = 2*g**2 + 10*g - 20. Is b(q) a multiple of 20?
True
Suppose t - 30 = 18. Let g = -2474 + 2510. Suppose 0 = -g*u + 42*u - t. Does 3 divide u?
False
Let z(x) = x + 271. Suppose -2*c - 24 = -5*i, -c - 1 - 11 = -3*i. Does 34 divide z(c)?
False
Suppose 2*a + 46 = 5*u - 0*u, -4*u - 4*a + 20 = 0. Suppose u = -0*k + 4*k. Suppose -3*y + k*y + 48 = 0. Is y a multiple of 16?
True
Let z be (-935)/(-34) - (3/(-6))/1. Suppose 5*d - z = 62. Is d a multiple of 2?
True
Let p(y) = -y**2 - 3*y + 31. Let o be p(4). Suppose -o*d + 4*z + 1666 = 0, 3*d - 9*z + 8*z - 1654 = 0. Is d a multiple of 22?
True
Let c = -61 - -61. Suppose 3*t + 1 + 2 = c, 3*h - 4*t = 229. Does 3 divide (-10)/h*-453 + (-2)/5?
True
Let w = 7115 - 6945. Is 10 a factor of w?
True
Suppose 9*x + 140 = 23*x. Is 2 a factor of x/(-5*6/(-150))?
True
Is 7443232/736 + 26/(-299) a multiple of 217?
False
Let d = 113 - 111. Suppose -d = 2*q, 4*p - q = q + 202. Suppose -2*c - 3*z = -p, 5*z - 25 = -c + z. Is c a multiple of 5?
True
Is 1813 - (-11 + 0 - -7) a multiple of 7?
False
Let l(b) be the third derivative of 0 + 0*b - 1/120*b**6 - 1/2*b**3 - 44*b**2 + 7/24*b**4 + 13/60*b**5. Does 48 divide l(12)?
False
Let m be (0*3/(-9))/1 + -63. Let v = 203 + m. Is v a multiple of 4?
True
Is 7 a factor of 5/2*(-59)/(295/12) + 1662?
False
Suppose -14*q + 75 = q. Suppose -3*j + 1438 = -q*a, -4*j - 6*a + 2*a + 1960 = 0. Is j a multiple of 44?
False
Suppose t = 3*z + 69, 5*z - 4*t - 10 = 6*z. Let s be -2 + (-84)/z + (-6)/(-33). Suppose -5*f + 0*b + s*b + 35 = 0, -3*b = 5*f - 10. Does 5 divide f?
True
Suppose 6*l - 13693 = -86*l + 2014907. Does 35 divide l?
True
Let i(q) = 10 - 129*q**2 - q - 6*q + 128*q**2. Let f = 54 - 59. Is 9 a factor of i(f)?
False
Suppose 0 = 4*b - 2 + 6, -333 = 4*g + 5*b. Does 5 divide (g/16 - -5) + (-505)/(-8)?
False
Let f(i) = -568*i - 886*i**2 + 127*i + 14746*i**2. Let x(r) = -63*r**2 + 2*r. Let l(g) = -2*f(g) - 441*x(g). Is l(1) a multiple of 21?
True
Let b(s) = 5*s**2 + 19*s + 7. Let d be b(-10). Suppose 9*c - 70 = d. Suppose 42*l + 321 = c*l. Is l a multiple of 44?
False
Let q(i) = 162*i**2 - 5*i - 8. Let r(k) = k + 4. Let j be r(-6). Is q(j) a multiple of 32?
False
Let a(i) = -i**2 + 2*i + 5. Let q(b) = b + 24. Let r be q(-21). Let n be a(r). Suppose -d + 156 = n*d. Is d a multiple of 13?
True
Let p = -201 - -180. Is 17 a factor of ((-68)/(-6))/(p/(-63))?
True
Suppose -6*m + 5*v = -9*m - 328, 4*m + 476 = 3*v. Let d = 252 + m. Does 2 divide d?
True
Is 5 a factor of 15/(-5) - (-29)/((-29)/(-558))?
True
Let t(j) = j**3 + 12*j**2 - 14*j - 7. Let v be t(-13). Suppose -f - v*f = 0. Suppose 330 = -f*p + 3*p. Does 13 divide p?
False
Suppose -4*b - 5 = 39. Let o(n) = -26*n + 143. Is 13 a factor of o(b)?
True
Let t = -114 + 1335. Suppose 3679 = 10*q - t. Is 49 a factor of q?
True
Let m(k) = -5*k**3 + 5*k**2 - 7*k + 7. Let p(d) = -4*d**3 + 4*d**2 - 7*d + 6. Let o(z) = 3*m(z) - 4*p(z). Is 6 a factor of o(5)?
True
Let k(b) = -246*b**3 - b**2 + 2*b + 1. Suppose -8*q = -22*q. Let m be 9/(-5) + ((-4)/(-5) - q). Is k(m) a multiple of 20?
False
Let a = 255 - 260. Let y(s) = -3*s**3 + s**2 + 3*s + 5. Is y(a) a multiple of 30?
True
Let m = -2 + 17. Suppose -3*w = i - 0*w + 7, -m = i + 5*w. Let v(s) = 2*s**2 + 2*s - 12. Does 8 divide v(i)?
True
Let m = -197 + 381. Suppose -3*f - 2*l = -2*f - 46, -m = -4*f + 5*l. Let v = f + 94. Does 35 divide v?
True
Suppose -4*g + 5*g = 0. Suppose -54 = -43*i + 118. Suppose -2*m - i*s + 188 = g, 4*m - 411 = -0*s - s. Is m a multiple of 16?
False
Let f(o) = o**3 - 16*o**2 - 21*o - 6. Let a(r) = r**2 - r - 1. Let t(v) = -4*a(v) - f(v). Is t(12) a multiple of 5?
True
Suppose -n + 3 = 0, 2*r + 15*n - 17*n - 23724 = 0. Is 15 a factor of r?
True
Is 23 a factor of (-8*(-13)/6)/((-10)/(-2760))?
True
Let s(z) = 6*z - 26. Let l be s(4). Let y be (l/4)/(7/(-4872)). Suppose -4*q + y = 44. Does 5 divide q?
False
Suppose 5*x = 7*b - 45751 + 139936, -2*x - 5*b + 37674 = 0. Is x a multiple of 9?
True
Let q be (-216294)/(-13) - ((-1)/1 + -1). Suppose -15*z + q = 800. Does 16 divide z?
True
Suppose -7191*a = -7200*a - 64280 + 543773. Does 21 divide a?
True
Let m(o) = -23*o**3 - 5*o**2 + 8*o + 4. Let n(f) = -12*f**3 - 2*f**2 + 4*f + 2. Let c(s) = -3*m(s) + 7*n(s). Let x be c(-1). Does 10 divide ((-20)/x)/((-4)/28)?
True
Let y(f) = -2*f + 33*f**3 + 172*f**3 + 3 + f**3. Does 9 divide y(1)?
True
Let a(m) = -9 - m**2 - 5*m + 2*m**2 - 2*m**2 - 18*m. Let g be a(-9). Suppose 4*p + 4*o - 92 = 0, 2*o = 5*p + 5*o - g. Is 24 a factor of p?
True
Suppose 6*h = -5*w + 9340, -1 = w + 3. Is 78 a factor of h?
True
Suppose 0 = -90*j - 9443 + 315443. Is 4 a factor of j?
True
Suppose 2*i = -k - 50, -32*k = -33*k - 4*i - 60. Suppose 0 = c - 0 - 6. Does